ermine a(-2).
-3
Let i(k) = 116*k + 28. Let o(d) = -63*d - 13. Let s(a) = -6*i(a) - 11*o(a). Calculate s(17).
-76
Suppose -4*z = -3*u + 35, 3*z = 4*u - 624 + 582. Let r(p) = 9*p - 95. Determine r(u).
-14
Let j(w) be the first derivative of -1/3*w**3 + 6*w**2 + 8 - 12*w. Determine j(8).
20
Let m be (2 - (-80)/(-24))*(-4 + -1 + 2). Let u(g) = -24*g + 99. Give u(m).
3
Let a(q) = q + 11. Let i(g) = -g + 2. Let v(s) = -a(s) - 2*i(s). Give v(15).
0
Let w(c) = -334*c**2 + 900*c**2 - 483*c**2 + 2*c - 2. Calculate w(1).
83
Let c(k) be the first derivative of k**4/4 - k**3/3 - k**2 - k - 643. Let m(t) = t**3 + 7*t**2 + 7*t + 4. Let a be m(-6). Determine c(a).
-9
Let c(q) = -q**3 - 16*q**2 + 5*q + 24. Let p(w) = -4*w**2 + 13*w - 19. Let s be p(3). Determine c(s).
-56
Suppose -490 = -28*a + 63*a. Let k(l) = -2*l + 16. Give k(a).
44
Let l(x) = 3*x**2 - 3*x - 4. Let q(f) = f + 29. Let r(p) = p + 2. Let d(g) = -q(g) + 3*r(g). Let m be d(-11). Let b be (2/4*-3)/(m/90). Determine l(b).
14
Suppose t = -5*r + 9 + 63, -2*r + 30 = t. Let z(s) = 106 + 3*s**3 - s + 12*s**2 - r*s**2 - 106. Determine z(2).
14
Let t(r) = -r**3 + r - 1. Let v(n) = 8*n**3 + 3*n - 3. Let g(u) = 2*t(u) - v(u). Let q = -14039 + 14040. Give g(q).
-10
Let p(f) = -5*f**2 + 0*f - f**3 - 2 - f + 2*f**2. Let t(v) = 27*v - 236. Let l be t(9). Let k be (9/(-6) - 0)*(9 - l). Determine p(k).
1
Let h(n) = n**3 - 3*n**2 - n + 2. Let p(u) = -3*u**2 + 11*u + 12. Let x be p(6). Let a be 4/x - (-47)/15. What is h(a)?
-1
Suppose 28*x - 32*x = -16. Suppose -k - 5 = 0, 22*g - 21*g = x*k + 14. Let n(y) = -2 + 5*y + 2*y**2 - 2*y**2 + y**2. Calculate n(g).
4
Let w(a) be the second derivative of a**6/720 - 19*a**5/120 + a**4/12 - 13*a**2 - 4*a - 5. Let v(t) be the third derivative of w(t). Determine v(15).
-4
Let q(b) be the second derivative of 1/2*b**2 - 1 + 1/3*b**3 + 6*b. Suppose 2*f - 3*g = 2, 3*f - 2 = -4*g + 1. What is q(f)?
3
Let j(o) = 8520*o**2 - 8521*o**2 + 10*o - 4*o + 30 + 6*o. Let v(b) = 2*b**2 + 4*b - 2. Let x be v(2). Give j(x).
2
Let p(u) = u + 2 - 4 - 4 - 2 - 4. Calculate p(2).
-10
Let p be 24/13 + 1 + (-33)/39. Suppose -c - n = 0, 5*c + p*n = n + 8. Let d(v) = -3*v**2 - 10*v**3 - 1 + 9*v**3 - v + 7*v**c. What is d(2)?
5
Suppose 5*b = 11*b. Let s(u) = 2*u - 16 - 4*u + 3*u. Give s(b).
-16
Let p(x) = -4*x**2 + 4*x + 2. Let o(n) = -2 - 10*n**2 - 1 + 4*n + 7*n**2 + 4. Let u(w) = -3*o(w) + 2*p(w). Determine u(3).
-2
Let j(q) = -24*q - 801 + 813 + 12*q. What is j(-6)?
84
Let a(h) = 257*h - 142. Let o(n) = -34*n + 19. Let b(u) = -2*a(u) - 15*o(u). Suppose -r + 3 + 2 = -2*p, -5*r = 2*p - 13. Let i = r + -5. Determine b(i).
7
Let w(n) = -265*n + 267. Let s be w(1). Let r(k) = -3*k**2 + k. Give r(s).
-10
Let l(p) = 21*p + 21*p + 85 - 90*p + 19*p + 24*p. What is l(16)?
5
Suppose -7*r = -139 + 97. Let w(j) = 6*j**3 + 16*j**2 + j - 3. Let c(o) = -5*o**3 - 15*o**2 - o + 4. Let y(i) = r*w(i) + 7*c(i). Calculate y(9).
1
Suppose 0 = -28*l + 43 - 8 - 203. Let i(g) = -g**3 - 7*g**2 - 10*g - 7. What is i(l)?
17
Let n(g) = g**3 + 7*g**2 + 8*g - 3. Suppose 0*r = 7*r - 175. Let i be 390/r - (-4)/10*1. Suppose -5*u - 5*h - 20 = -0, -i = 3*u + h. What is n(u)?
-15
Let p(a) = -4*a**2 + 3*a**2 - 3*a**2 - 4*a - 6 + 5*a**2. Let g(v) = 22*v - 81. Let y be g(15). Let c = y - 243. What is p(c)?
6
Let f(c) = 0*c + 3 + 3*c + 3*c. Let x be (-192)/56 + 3/7. Give f(x).
-15
Let g(z) = -10*z**2 + 61*z - z**3 + 68*z + 1 - 142*z. What is g(-9)?
37
Suppose 8*f - 60 = -7*f. Let h(x) = -f - 4*x + 598*x**2 - 1 - 597*x**2. Calculate h(5).
0
Let t(q) be the second derivative of -5/2*q**2 - 2/3*q**3 + 3*q + 1/20*q**5 + 1/6*q**4 - 4. Determine t(-4).
-21
Let z(m) = -5*m**2 - 2*m**3 + 5*m + 3*m**3 - 8 - 8*m. Let b(c) = 1. Let o(y) = -6*b(y) - z(y). Suppose 21*j = 25*j + 12, 2*j = -2*p + 4. Give o(p).
17
Let u(z) be the third derivative of 11*z**2 - 1 + 0*z + 1/6*z**3 - 5/6*z**4. Calculate u(-1).
21
Let l(a) be the first derivative of a**2/2 + 4*a - 621. Let t = 26 - 6. Suppose -7*m = -3*m + t. What is l(m)?
-1
Suppose -f + 29 = -25. Let u = f + -54. Let j(k) = -5 - 14*k**2 - 4 + 13*k**2. Calculate j(u).
-9
Let i(u) be the second derivative of u**2 + 1/12*u**4 + 5 + 1/2*u**3 + 20*u. What is i(-6)?
20
Let t = -74 - -142. Let i(u) = -t - 6*u + 68 - u**2. What is i(-3)?
9
Let k(z) = -z**3 - 5*z**2 + 4*z + 12. Let l be k(-5). Let n be ((-2)/l)/((-19)/4 - -5). Let p(o) = 1 - 8*o**3 - 123*o**2 - o + 65*o**2 + 58*o**2. What is p(n)?
-8
Let w(n) = 38*n + 28. Let y(s) = -46*s - 29. Let i(r) = -6*w(r) - 5*y(r). Determine i(-8).
-39
Let z be 0*(1 + (9 - 4) + (-41)/7). Let r(w) be the third derivative of -1/6*w**3 - 1/12*w**4 + z + 0*w - 22*w**2. What is r(-2)?
3
Let k(c) = -c**2 + 4*c + 2. Let q(u) = -u**3 + 18*u**2 - 28*u + 18. Let f(x) = 3*k(x) + q(x). Give f(14).
-4
Let r(z) be the second derivative of -z**3/6 - z**2 + z. Suppose 0 = -716*j - 715*j + 1430*j - 4. What is r(j)?
2
Let r(w) = w**2 + 9*w + 9. Suppose 0 = b + 4*b - 20. Let y be -6*(-5)/(4 + (-198)/48). Let x be b/(-6) + y/45. Calculate r(x).
-9
Suppose -5*c = -6 + 11. Let m(j) be the third derivative of -5*j**4/24 + j**3/6 + 182*j**2. Calculate m(c).
6
Let w(z) = -6*z - 5. Let m(i) = -9*i**2 + 244*i - 257. Let c be m(26). What is w(c)?
-23
Let p(w) = -7*w**3 - 9*w**2 + 16*w + 7. Let r(s) = -s + 13. Let a be r(8). Let h(k) = -3*k**3 - 5*k**2 + 8*k + 4. Let t(g) = a*h(g) - 2*p(g). Calculate t(-8).
6
Let y(k) = k**3 - 3*k**2 - 3*k - 1. Suppose 5*x = -5*x. Suppose -5*n + 5*s = x, n = -5*s + 22 + 2. What is y(n)?
3
Let y(o) = -o**3 - 2*o**2 + 14*o + 39. Suppose 4525*f - 150 = 4575*f. Calculate y(f).
6
Suppose -770*n = -785*n + 150. Let g(l) be the third derivative of 1/3*l**4 - 1/30*l**5 - 1/2*l**3 + 0 + 0*l + n*l**2. Give g(5).
-13
Suppose -11 = 2*c + 3. Let k(x) be the third derivative of x**4/8 + 4*x**3 + 465*x**2. Let t be k(c). Let d(h) = h**3 - 5*h**2 + 5*h - 2. What is d(t)?
-5
Let v(j) = -83 - 37*j + 113 + 104. Let i be v(4). Let y(g) = g**2 + 12*g - 20. Calculate y(i).
8
Let w(v) = -v**3 - v**2 - 4*v + 12. Let r be 0/(7/21*-6). Calculate w(r).
12
Let s be 10/(-8) - (-1)/4. Let x(j) be the first derivative of -j**6/120 - j**5/120 - 27*j**3 - 49. Let l(d) be the third derivative of x(d). Give l(s).
-2
Let y(h) = 9 - 4 + 1 + 3*h. Suppose -2*r + 5*w + 91 = 22, 0 = -3*r + 5*w + 96. Suppose -11 = v + 5*d, -3*v + 7*v + 3*d = -r. Determine y(v).
-12
Let d(p) = 2*p**2 - 21*p + 6. Let s(y) = y**2 - 20*y + 6. Let o(g) = 5*d(g) - 4*s(g). Let w be o(4). Let l(z) = -13 - z**2 + 6*z + 11 + 0*z**w. Calculate l(4).
6
Let w(f) = f**3 + 4*f**2 + 3*f + 6. Suppose 2*s - 6*s - 5*d + 7 = 0, -s - 5*d = 2. Let m be -1 - (5/s - 5/(-15)). Determine w(m).
6
Let w(u) = 11*u**2 + 14*u + 14. Let c(s) = -9*s**2 - 13*s - 13. Let f(j) = -6*c(j) - 5*w(j). Suppose 2*o + 2 = 4*x, 2*x - 18 = -4*o + 18. Determine f(o).
15
Let i(x) = 4*x + 7. Let j = 44 - -64. Let s = 81 - j. Let a = s + 22. Calculate i(a).
-13
Let z(o) = 3*o**3 + 3*o**2 - 3*o + 6. Let m(f) = 7*f**3 + 7*f**2 - 7*f + 13. Let a(u) = -4*m(u) + 9*z(u). Let b = -3434 - -3436. Give a(b).
-8
Suppose 4*y - 58 = -18. Let o(f) = -4*f + 16*f - 7 - y*f + f - f**2. What is o(6)?
-25
Let u(z) be the third derivative of -5/24*z**4 - z**3 - 1 + 0*z + 1/60*z**5 - 90*z**2. Determine u(6).
0
Let k(r) = 12*r**3 - 11*r**2 - 11*r + 9. Let c(o) = 5*o**3 - 6*o**2 - 5*o + 4. Let f(w) = -5*c(w) + 2*k(w). Calculate f(4).
74
Let h = 192 + -155. Suppose -7*b = 93 - h. Let t(l) = -l**3 - 9*l**2 - 6*l + 3. Calculate t(b).
-13
Let d = -804 - -804. Let s(t) be the second derivative of -t**4/12 - t**3/6 - 10*t**2 + 14*t. Calculate s(d).
-20
Let w be 1*-2*(0 - 2). Let a(r) = 13772*r - 3*r**2 - 27625*r + 13858*r + 1. Determine a(w).
-27
Suppose 0 - 452 = -4*v. Let k = v - 108. Let r(i) = 2*i - 15. Let b(y) = -3*y + 28. Let m(l) = k*r(l) + 3*b(l). Give m(-10).
-1
Let v(h) be the second derivative of -h**4/12 - h**3/6 + 7*h**2/2 - 7120*h. Give v(3).
-5
Let x(f) = 31*f**3 - 2*f**2 - f + 7. Let o be x(2). Let i = o - 250. Let p(d) = d**3 + 4*d**2 + d + 7. Determine p(i).
-23
Let v(f) = -5*f**2 - 42*f + 195. Let s(h) = 8*h**2 + 43*h - 195. Let m(b) = -2*s(b) - 3*v(b). Determine m(6).
9
Let p(i) be the first derivative of i**5/60 + i**4/3 + 3*i**3/2 + 51*i**2 + 57. Let a(f) be the second derivativ